64 - -86. Let a = q - 18. Suppose 73 = w - k - 50, w - 138 = a*k. What are the prime factors of w?
2, 59
Let l(o) = 580*o - 648. List the prime factors of l(20).
2, 37
Suppose -53*d + 230912 = -8*d - 87148. List the prime factors of d.
2, 3, 19, 31
Suppose 15 = -v + 3*i, 4*v = 5*i - 4*i - 5. Suppose v = -8*c + 13*c - 10. Suppose c*f = 42 + 20. List the prime factors of f.
31
Let n(l) = -3*l**3 - l**2 - 1. Let i be n(1). Let x(c) = -235*c - 2. Let z(q) = -470*q - 3. Let r(s) = i*x(s) + 3*z(s). What are the prime factors of r(-1)?
2, 59
Let r(y) = -7*y**2 - 45*y - 77. Let m be r(-19). Let g = m + 3075. What are the prime factors of g?
2, 3, 13, 17
Suppose -25551 = 428*l - 445*l. What are the prime factors of l?
3, 167
Let z = 33829 + -28545. What are the prime factors of z?
2, 1321
Let u = 8344 + -1042. What are the prime factors of u?
2, 3, 1217
Let a(u) = 7*u**2 + u + 427. Suppose 6*k - 10 = 3*k - 2*n, 3*k - 4*n + 20 = 0. List the prime factors of a(k).
7, 61
Suppose -2*v + 0*v = 5*t - 10, 2*v = 2*t - 4. Suppose v = -19*f + 18*f + 4. Suppose -f*u + 692 = 4*s, u - 2*u = 2*s - 345. What are the prime factors of s?
2, 43
Suppose 0*l - c - 15 = 4*l, 0 = -c - 3. List the prime factors of 4/(-6)*l - (-275 + 8).
269
Suppose g - 13 + 15 = 0. Let c be 4/32*746 - g/(-8). Suppose -s + c = 12. List the prime factors of s.
3
Let c = 1003 - 1006. What are the prime factors of -8 - (-156)/18 - 2326/c?
2, 97
Let w = 913 - -4025. Suppose -12520 = -17*a - w. What are the prime factors of a?
2, 223
What are the prime factors of 462/(-308)*10780/(-6)?
5, 7, 11
Let o be 11/((-5)/(-2)*(-34)/(-85)). Suppose -1705 = -16*h + o*h. List the prime factors of h.
11, 31
Let j = -3033 - -3036. Suppose 2*z - 39 = -z. Suppose -349 = -j*t - z. What are the prime factors of t?
2, 7
Let o(f) = -5 + 35*f**3 - 1 - 30*f**3 + 6*f - 5*f**2. What are the prime factors of o(5)?
2, 131
Suppose -2*z + 139 = 5*i - 2*i, 0 = -z - 2*i + 71. Suppose -56*m = -z*m + 5445. List the prime factors of m.
5, 11
Suppose s - 17 = -1. Suppose -5957 = -s*j - 7*j. List the prime factors of j.
7, 37
List the prime factors of (64/10 + 0)/((-421)/(-593610)).
2, 3, 47
Suppose j + 352 = 2*z + 64, 720 = 5*z + 4*j. Let f = z + -70. List the prime factors of 3/(-6)*(0 - f).
37
List the prime factors of 6/(-123) + 5543739/123.
13, 3467
Let c(o) = 10061 - 10117 + 710*o - 47*o. List the prime factors of c(2).
2, 5, 127
Let k be ((-3)/9)/(-2*6/756). Let h = 355 - k. List the prime factors of h.
2, 167
Suppose -558*u = -521*u - 472971. What are the prime factors of u?
3, 4261
Let p be (-38)/19 - (-4 + (2 - 0)). Suppose 6*a - 294 = -p*a. List the prime factors of a.
7
Suppose 16 = -3*v + 5*v - 4*s, 3*s + 22 = 4*v. Suppose 4*r + 7*k - 536 = 3*k, -4*k - 552 = -v*r. Suppose 5*d - r = d. List the prime factors of d.
2, 17
Suppose 59*q - 656640 = 39*q. Suppose -q = 4*l - 28*l. List the prime factors of l.
2, 3, 19
Let y = -65 + -542. Let t = y - -1003. What are the prime factors of t?
2, 3, 11
Let h(m) = 294*m - 47. Let v be h(7). Suppose -v = -2*r - 595. Suppose 21*p = 15*p + r. What are the prime factors of p?
2, 59
Let o be (7 - 119/21)/(1/3). Suppose -9*p + 5*l - 850 = -11*p, 0 = -o*l - 16. List the prime factors of p.
3, 5, 29
Let r(y) = -851*y - 149. What are the prime factors of r(-3)?
2, 601
Let z(l) = l**3 + l**2 - 2*l - 15. Let w(g) = -g**2 - g + 1. Let a = 69 + -68. Let k(m) = a*z(m) + 2*w(m). What are the prime factors of k(6)?
11, 13
Let d(a) = 4*a + 97. Let f be d(-23). Let j(q) = 3976 + f*q + 18*q**2 + 2*q**3 + 0*q**3 - 3986. What are the prime factors of j(-7)?
151
Let u(n) = 2048*n**2 - 24*n - 49. List the prime factors of u(-2).
8191
Suppose 147 = 29*m + 2. Suppose 3*a = -m*r + 5616, 4*a + 6*r = 3*r + 7499. List the prime factors of a.
1877
Let f = 36 + -39. Let n be f + ((-15)/(-10) - (-747)/2). Suppose 16*g = 13*g + n. List the prime factors of g.
2, 31
Let j(v) = -3*v**3 - v + 0*v**3 + 6*v**3 + 2. Let g be j(1). Suppose 6 - 66 = -g*f. List the prime factors of f.
3, 5
Suppose -108*d = 141*d - 775635. What are the prime factors of d?
5, 7, 89
Let a = 904 + -462. Let t = a + -141. List the prime factors of t.
7, 43
Let p(f) = -200*f - 191. Let w(v) = 67*v + 62. Let m(h) = 2*p(h) + 7*w(h). List the prime factors of m(11).
811
Let w(b) = -3*b**2 + 10*b + 2. Let r be w(5). List the prime factors of 14/(-8)*(r - 505).
2, 3, 7, 11
Suppose -l + 339 - 2 = -n, -4*n = 2*l - 674. Suppose j - 5*s = l, -j = -0*j + 4*s - 346. What are the prime factors of j?
2, 3, 19
Let i(v) = 63*v**3 - 8*v**2 + 127*v - 456. List the prime factors of i(9).
2, 3, 47, 163
Let s = 2618 - -2764. List the prime factors of s.
2, 3, 13, 23
Let r(z) = 2*z**3 + 14*z**2 - 23*z + 57. List the prime factors of r(13).
2, 3259
Let p(w) = 18*w - 3. Let f be p(18). Suppose -12*y - f - 51 = 0. Let m = y - -52. What are the prime factors of m?
3, 7
Suppose 3*c - 6408 - 5307 = 0. List the prime factors of c.
5, 11, 71
Suppose -134093 = 14*b - 442709. Suppose 0 = 8*r + 25*r - b. List the prime factors of r.
2, 167
Let g(z) = 10*z + 4*z - 5*z + 55. Let b = 3198 - 3187. What are the prime factors of g(b)?
2, 7, 11
What are the prime factors of 14 + -4 + (440289 - 0)/9?
167, 293
Let h = 229 - 229. Suppose h = -w + 428 - 160. List the prime factors of w.
2, 67
Let f = 37973 + -14381. What are the prime factors of f?
2, 3, 983
Let o be (-99)/21 - (-2)/(-7). Let w(g) = 5 - 1458*g + 1464*g + g**2 - 5*g**2 - 2*g**3. List the prime factors of w(o).
5
Let s(y) = y**3 + 7*y**2 + 6*y - 5. Let c be s(-7). Suppose 81 = 2*t - t. Let r = c + t. What are the prime factors of r?
2, 17
Let s(x) = 17*x**3 + 13*x**2 + 17*x + 55. What are the prime factors of s(12)?
7, 643
Let z = 2287 - 990. Let k = z - 574. What are the prime factors of k?
3, 241
Let w(c) = c**3 + 7479. What are the prime factors of w(0)?
3, 277
Suppose 1 = 16*n - 63. List the prime factors of 229 - (-2 + -9 + n).
2, 59
Suppose 3*g = 104 - 5. Suppose 4*r + g = -5*w, -w = -3*r + 2 - 3. What are the prime factors of 2/(-5) - (r/5 - 3)?
3
Let h = -46 + 79. Let n(y) = 170*y + 429. Let z be n(-2). Let i = h + z. What are the prime factors of i?
2, 61
Let a(q) = 89*q**3 + 10*q**2 - 19*q + 93. List the prime factors of a(5).
3, 17, 223
Let u = 126 + -539. Let r = -200 - u. What are the prime factors of r?
3, 71
Let p be (2 - (63 + -4))*-8. Let v = p + -127. What are the prime factors of v?
7, 47
Let x(i) = i**3 + 15*i**2 + 5*i + 10. Let m(g) = 3*g - 45. Let r(h) = -10*h + 136. Let a(n) = 16*m(n) + 5*r(n). Let p be a(-13). List the prime factors of x(p).
2, 17
Let f(r) = -2*r**3 + 130*r**2 + 159*r - 315. List the prime factors of f(63).
2, 3, 7, 29
Let u(k) = k**2 - 157*k + 1251. What are the prime factors of u(-139)?
5, 61, 139
List the prime factors of (125 - 130) + 0 + (-2)/2 - -5845.
5839
Let r(g) = -g**2 - 8*g - 9. Let m be r(-6). Let j be 4/(16/(-6))*(-1250)/25. List the prime factors of (j + 7)*(-1)/(-2)*m.
3, 41
Let r(z) = -123*z - 2036. What are the prime factors of r(-30)?
2, 827
Suppose -10*x + 101 = -129. Suppose x = 3*i + 206. Let n = i - -136. List the prime factors of n.
3, 5
Let b = -19328 + 50475. List the prime factors of b.
31147
Suppose 0 = -566*g + 17*g - 123*g + 39961824. What are the prime factors of g?
59467
Suppose 3*b - 263 = -2*t + 72, -317 = -2*t + 3*b. Let s = t + -159. List the prime factors of s.
2
Let t be 270 + (54/2)/(-9). Suppose t*k = 260*k + 6888. What are the prime factors of k?
2, 3, 41
Let w be -3 - -9*55/15. What are the prime factors of (-4)/10 + ((-209664)/w)/(-7)?
2, 499
Suppose -2*s - 10 = 0, -2 = -3*u - s - 1. Suppose l + 5 = -r, 3*r - u*l + 5 = -5. What are the prime factors of 1028/6 + r/12?
3, 19
Let q(l) = -4*l**2 + 4*l - 4. Let s be q(1). List the prime factors of 5 + (-5 - s) + -4 + 567.
3, 7
Let s(b) = 3*b - 12. Let n be s(5). Suppose -270 = n*x + 7*x. Let r = x - -173. What are the prime factors of r?
2, 73
Let b(p) = -346*p**3 + p**2 + 3*p + 3. Let s(u) = 3*u**3 + 2*u**2 - u - 1. Let n be s(-1). What are the prime factors of b(n)?
347
Let f(r) = 26*r - 7. Let u(a) = a. Let p be ((-50)/(-15) - 4)/((-4)/6). Let i(l) = p*f(l) + 5*u(l). List the prime factors of i(4).
3, 13
Let g(t) = 272*t - 623. List the prime factors of g(9).
5, 73
Let i = -2686 + 1577. L